{"id":50,"date":"2018-04-04T21:57:52","date_gmt":"2018-04-04T19:57:52","guid":{"rendered":"http:\/\/jezioroimorze.pl\/jezioro\/?page_id=50"},"modified":"2024-02-03T18:01:18","modified_gmt":"2024-02-03T17:01:18","slug":"regulamin-wynajmu","status":"publish","type":"page","link":"https:\/\/jezioroimorze.pl\/jezioro\/regulamin-wynajmu\/","title":{"rendered":"Regulamin wynajmu"},"content":{"rendered":"<p><a href=\"https:\/\/jezioroimorze.pl\/jezioro\/wp-content\/uploads\/2024\/02\/REGULAMIN-UZYTKOWANIA-DOMU-NA-LABEDZIEJ.pdf\" target=\"_blank\" rel=\"noopener\">Zobacz regulamin w PDF\u00a0<\/a><\/p>\n<h1>Regulamin u\u017cytkowania domku letniskowego \u201eDom na \u0141ab\u0119dziej\u201d<\/h1>\n<p>1. Go\u015bcie przebywaj\u0105cy w domu, proszeni s\u0105 o przestrzeganie zasad bezpiecznego i kulturalnego wypoczynku. Przez ca\u0142y okres pobytu obowi\u0105zuje zasada uszanowania dobros\u0105siedzkich stosunk\u00f3w.<\/p>\n<p>2. Do korzystania z domu uprawnione s\u0105 osoby zameldowane, w kt\u00f3rym mo\u017ce zamieszkiwa\u0107 maksymalnie 6 os\u00f3b.<\/p>\n<p>3. Wynajem domu w terminie odbywa si\u0119 w systemie tygodniowym (przyjazdy i wyjazdy w czwartek lub w pi\u0105tek). Doba hotelowa w tym okresie trwa od godz. 15:00 w dniu przyjazdu do godz. 10:00 w dniu wyjazdu. W szczeg\u00f3lnych przypadkach mo\u017cna ustali\u0107 inne godziny.<\/p>\n<p>4. Jest mo\u017cliwo\u015b\u0107 przed\u0142u\u017cenia pobytu poza okres um\u00f3wiony, je\u015bli poza okresem um\u00f3wionym nie nast\u0105pi\u0142a rezerwacja.<\/p>\n<p>5. Rezerwacja domu nast\u0105pi po wniesieniu zadatku na konto bankowe na poczet rezerwacji w terminie do 3 dni od daty rezerwacji wst\u0119pnej w kwocie 30% ca\u0142kowitej nale\u017cno\u015bci za wynajem. Po wp\u0142acie zadatku klient otrzyma, w ci\u0105gu 3 dni, potwierdzenie rezerwacji. W przypadku braku wp\u0142aty zadatku w ci\u0105gu 3 dni od daty dokonania rezerwacji wst\u0119pnej, rezerwacj\u0119 t\u0119 uwa\u017ca si\u0119 za nieobowi\u0105zuj\u0105c\u0105. Wp\u0142ata zadatku stanowi r\u00f3wnocze\u015bnie akceptacj\u0119 regulaminu. Pozosta\u0142\u0105 cz\u0119\u015b\u0107 nale\u017cno\u015bci za pobyt nale\u017cy zap\u0142aci\u0107 przelewem na wskazane konto bankowe przed przyjazdem, aby nale\u017cno\u015b\u0107 mog\u0142a zosta\u0107 zaksi\u0119gowana. W przypadku braku mo\u017cliwo\u015bci wp\u0142aty na konto bankowe pozosta\u0142ej cz\u0119\u015bci nale\u017cno\u015bci za pobyt, nale\u017cy skontaktowa\u0107 si\u0119 z w\u0142a\u015bcicielem w celu ustalenia sposobu zap\u0142aty tej cz\u0119\u015bci kwoty.<\/p>\n<p>6. Zakwaterowanie odbywa si\u0119 na podstawie okazanego dokumentu to\u017csamo\u015bci oraz dokumentu potwierdzaj\u0105cego przelanie pozosta\u0142ej cz\u0119\u015bci nale\u017cno\u015bci za pobyt.<\/p>\n<p>7. W momencie przekazania Go\u015bciom kluczy staj\u0105 si\u0119 oni za nie odpowiedzialni. Za zagubiony klucz Go\u015b\u0107 jest zobowi\u0105zany ui\u015bci\u0107 op\u0142at\u0119 w wysoko\u015bci 50,00 z\u0142.<\/p>\n<p>8. Go\u015bcie nie mog\u0105 przekazywa\u0107, ani udost\u0119pnia\u0107 domu osobom trzecim; dom nie mo\u017ce by\u0107 zamieszkany przez wi\u0119ksz\u0105 ilo\u015b\u0107 os\u00f3b, ani\u017celi zg\u0142oszon\u0105 przy rezerwacji.<\/p>\n<p>9. W domu znajduje si\u0119 po\u015bciel na jeden okres wynajmu.<\/p>\n<p>10. Dom jest przekazywany Go\u015bciom w u\u017cytkowanie i odbierany przy wyje\u017adzie przez w\u0142a\u015bciciela. Prosimy o wcze\u015bniejsze zg\u0142aszanie godziny wyjazdu, w celu umo\u017cliwienia sprawnego odbioru domku przez w\u0142a\u015bciciela.<\/p>\n<p>11. Dom jest zawsze posprz\u0105tany i taki nale\u017cy pozostawi\u0107 po swoim pobycie. Wszelkie \u015bmieci wyrzucamy we w\u0142asnym zakresie.<\/p>\n<p>12. Prosimy o sprawdzenie faktycznego stanu wyposa\u017cenia domu z list\u0105 wyposa\u017cenia znajduj\u0105c\u0105 si\u0119 w domu. W przypadku stwierdzenia ewentualnych r\u00f3\u017cnic, nale\u017cy ten fakt zg\u0142osi\u0107 w\u0142a\u015bcicielowi w ci\u0105gu pierwszej godziny pobytu.<\/p>\n<p>13. Go\u015bcie ponosz\u0105 odpowiedzialno\u015b\u0107 materialn\u0105 za wszelkiego rodzaju uszkodzenia lub zniszczenia przedmiot\u00f3w wyposa\u017cenia i urz\u0105dze\u0144 technicznych powsta\u0142ych z ich winy lub winy os\u00f3b ich odwiedzaj\u0105cych w okresie pobytu.<\/p>\n<p>14. W przypadku spowodowania uszkodzenia wyposa\u017cenia\/mienia w obiekcie prosimy Go\u015bci o natychmiastowe poinformowanie w\u0142a\u015bciciela, celem dokonania naprawy\/wymiany. Rekompensata finansowa za w\/w napraw\u0119\/wymian\u0119 zostanie naliczona wg koszt\u00f3w naprawy i musi by\u0107 uregulowana najp\u00f3\u017aniej w dniu wyjazdu.<\/p>\n<p>15. W zwi\u0105zku z odpowiedzialno\u015bci\u0105 rodzic\u00f3w za bezpiecze\u0144stwo swoich dzieci i za wszelkie skutki ich dzia\u0142a\u0144, zwracamy si\u0119 z pro\u015bb\u0105 o wzmo\u017con\u0105 opiek\u0119 nad nimi.<\/p>\n<p>16. Na obiekcie obowi\u0105zuje cisza nocna 23:00-7:00.<\/p>\n<p>17. W przypadku ch\u0119ci przed\u0142u\u017cenia pobytu ponad ustalony termin, prosimy o mo\u017cliwie szybkie zg\u0142aszanie zapotrzebowania u w\u0142a\u015bciciela.<\/p>\n<p>18. Za rzeczy pozostawione w domu w\u0142a\u015bciciel nie ponosi odpowiedzialno\u015bci. Prosimy o<br \/>\nzachowanie nale\u017cytej staranno\u015bci zwi\u0105zanej z zamykaniem okien i drzwi w momencie<br \/>\nopuszczania domu.<\/p>\n<p>19. Go\u015bcie \u201eDomu na \u0141ab\u0119dziej\u201d mog\u0105 parkowa\u0107 swoje samochody wy\u0142\u0105cznie w miejscu do<br \/>\ntego wyznaczonym \u2013 jedno miejsce parkingowe na terenie posesji, drugie tu\u017c przy posesji \u2013<br \/>\nparking jest bezp\u0142atny.<\/p>\n<p>20. W\u0142a\u015bciciel nie ponosi odpowiedzialno\u015bci za mienie warto\u015bciowe pozostawione na terenie<br \/>\nobiektu. Miejsce postojowe dla samochod\u00f3w na terenie posesji i tu\u017c przy posesji jest<br \/>\nmiejscem niestrze\u017conym, w\u0142a\u015bciciel nie ponosi odpowiedzialno\u015bci za utrat\u0119, uszkodzenia<br \/>\npojazd\u00f3w lub mienia w nich pozostawionego.<\/p>\n<p>21. W przypadku uwag i zastrze\u017ce\u0144 dotycz\u0105cych poziomu us\u0142ug, funkcjonowania urz\u0105dze\u0144 i<br \/>\nwyposa\u017cenia domk\u00f3w, czysto\u015bci i porz\u0105dku, Go\u015b\u0107 proszony jest o poinformowanie o tym<br \/>\nw\u0142a\u015bciciela i \u017c\u0105danie podj\u0119cia \u015brodk\u00f3w zaradczych.<\/p>\n<p>22. W domu nale\u017cy przestrzega\u0107 zasad ochrony przeciwpo\u017carowej. Nie wolno pozostawia\u0107<br \/>\notwartego ognia bez nadzoru (kuchnia), nie u\u017cytkowa\u0107 elektrycznych urz\u0105dze\u0144<br \/>\ngrzewczych lub innych mog\u0105cych powodowa\u0107 zagro\u017cenie po\u017carowe. Ze wzgl\u0119du na<br \/>\nbezpiecze\u0144stwo, zabronione jest u\u017cywanie w domu urz\u0105dze\u0144 elektrycznych niestanowi\u0105cych<br \/>\nwyposa\u017cenia domu.<\/p>\n<p>23. W domu obowi\u0105zuje ca\u0142kowity zakaz palenia papieros\u00f3w w tym papieros\u00f3w<br \/>\nelektronicznych.<\/p>\n<p>24. W domu obowi\u0105zuje zakaz sma\u017cenia ryb.<\/p>\n<p>25. Wszelkie usterki wynik\u0142e w trakcie u\u017cytkowania domu letniskowego prosimy zg\u0142asza\u0107 na<br \/>\nbie\u017c\u0105co pod nr 693 538 868.<\/p>\n<p>26. Prosimy o zorientowanie si\u0119, w kt\u00f3rym miejscu w pobli\u017cu znajduj\u0105 si\u0119 ga\u015bnice ppo\u017c. oraz<br \/>\njak si\u0119 je u\u017cytkuje.<\/p>\n<p>27. W\u0142a\u015bciciel zastrzega sobie prawo do \u017c\u0105dania opuszczenia terenu obiektu przez Go\u015bci,<br \/>\nnieprzestrzegaj\u0105cych Regulaminu \u2013 szczeg\u00f3lnie zak\u0142\u00f3caj\u0105cych w ra\u017c\u0105cy spos\u00f3b wypoczynek<br \/>\ninnym s\u0105siadom.<\/p>\n<p>28. Na terenie posesji dzieci przebywaj\u0105 pod opiek\u0105 doros\u0142ych, nie ponosimy<br \/>\nodpowiedzialno\u015bci za wypadki z tym zwi\u0105zane.<\/p>\n<p>29. Za dewastacj\u0119 domu, nieuprawnione u\u017cycie ga\u015bnic i wynik\u0142e z tego skutki, u\u017cytkownicy<br \/>\ndomku b\u0119d\u0105 obci\u0105\u017cani dodatkowymi op\u0142atami.<\/p>\n<p>30. W sprawach nieuregulowanych w niniejszym Regulaminie zastosowanie maj\u0105<br \/>\nodpowiednio przepisy Kodeksu Cywilnego oraz Ustawy o us\u0142ugach turystycznych.<\/p>\n<p>Niniejszy Regulamin obowi\u0105zuje od dnia 1 stycznia 2018r.<br \/>\n\u017byczymy przyjemnego wypoczynku<br \/>\nW\u0142a\u015bciciele \u201eDomu na \u0141ab\u0119dziej\u201d<\/p>\n","protected":false},"excerpt":{"rendered":"<p>Zobacz regulamin w PDF\u00a0 Regulamin u\u017cytkowania domku letniskowego \u201eDom na \u0141ab\u0119dziej\u201d 1. Go\u015bcie przebywaj\u0105cy w domu, proszeni s\u0105 o przestrzeganie zasad bezpiecznego i kulturalnego wypoczynku. Przez ca\u0142y okres pobytu obowi\u0105zuje zasada uszanowania dobros\u0105siedzkich stosunk\u00f3w. 2. Do korzystania z domu uprawnione s\u0105 osoby zameldowane, w kt\u00f3rym mo\u017ce zamieszkiwa\u0107 maksymalnie 6 os\u00f3b. 3. Wynajem domu w terminie&#8230;<\/p>\n","protected":false},"author":1,"featured_media":0,"parent":0,"menu_order":0,"comment_status":"closed","ping_status":"closed","template":"","meta":{"footnotes":""},"class_list":["post-50","page","type-page","status-publish","hentry"],"yoast_head":"<!-- This site is optimized with the Yoast SEO plugin v17.8 - https:\/\/yoast.com\/wordpress\/plugins\/seo\/ -->\n<meta name=\"robots\" content=\"noindex, nofollow\" \/>\n<meta property=\"og:locale\" content=\"pl_PL\" \/>\n<meta property=\"og:type\" content=\"article\" \/>\n<meta property=\"og:title\" content=\"Regulamin wynajmu - Jezioromorze - Jezioro Charzykowy\" \/>\n<meta property=\"og:description\" content=\"Zobacz regulamin w PDF\u00a0 Regulamin u\u017cytkowania domku letniskowego \u201eDom na \u0141ab\u0119dziej\u201d 1. Go\u015bcie przebywaj\u0105cy w domu, proszeni s\u0105 o przestrzeganie zasad bezpiecznego i kulturalnego wypoczynku. Przez ca\u0142y okres pobytu obowi\u0105zuje zasada uszanowania dobros\u0105siedzkich stosunk\u00f3w. 2. Do korzystania z domu uprawnione s\u0105 osoby zameldowane, w kt\u00f3rym mo\u017ce zamieszkiwa\u0107 maksymalnie 6 os\u00f3b. 3. Wynajem domu w terminie...\" \/>\n<meta property=\"og:url\" content=\"https:\/\/jezioroimorze.pl\/jezioro\/regulamin-wynajmu\/\" \/>\n<meta property=\"og:site_name\" content=\"Jezioromorze - Jezioro Charzykowy\" \/>\n<meta property=\"article:modified_time\" content=\"2024-02-03T17:01:18+00:00\" \/>\n<meta name=\"twitter:card\" content=\"summary_large_image\" \/>\n<meta name=\"twitter:label1\" content=\"Szacowany czas czytania\" \/>\n\t<meta name=\"twitter:data1\" content=\"5 minut\" \/>\n<script type=\"application\/ld+json\" class=\"yoast-schema-graph\">{\"@context\":\"https:\/\/schema.org\",\"@graph\":[{\"@type\":\"WebSite\",\"@id\":\"https:\/\/jezioroimorze.pl\/jezioro\/#website\",\"url\":\"https:\/\/jezioroimorze.pl\/jezioro\/\",\"name\":\"Jezioromorze - Jezioro Charzykowy\",\"description\":\"Dom na \\u0141ab\\u0119dziej Charzykowo\",\"potentialAction\":[{\"@type\":\"SearchAction\",\"target\":{\"@type\":\"EntryPoint\",\"urlTemplate\":\"https:\/\/jezioroimorze.pl\/jezioro\/?s={search_term_string}\"},\"query-input\":\"required name=search_term_string\"}],\"inLanguage\":\"pl-PL\"},{\"@type\":\"WebPage\",\"@id\":\"https:\/\/jezioroimorze.pl\/jezioro\/regulamin-wynajmu\/#webpage\",\"url\":\"https:\/\/jezioroimorze.pl\/jezioro\/regulamin-wynajmu\/\",\"name\":\"Regulamin wynajmu - Jezioromorze - Jezioro Charzykowy\",\"isPartOf\":{\"@id\":\"https:\/\/jezioroimorze.pl\/jezioro\/#website\"},\"datePublished\":\"2018-04-04T19:57:52+00:00\",\"dateModified\":\"2024-02-03T17:01:18+00:00\",\"breadcrumb\":{\"@id\":\"https:\/\/jezioroimorze.pl\/jezioro\/regulamin-wynajmu\/#breadcrumb\"},\"inLanguage\":\"pl-PL\",\"potentialAction\":[{\"@type\":\"ReadAction\",\"target\":[\"https:\/\/jezioroimorze.pl\/jezioro\/regulamin-wynajmu\/\"]}]},{\"@type\":\"BreadcrumbList\",\"@id\":\"https:\/\/jezioroimorze.pl\/jezioro\/regulamin-wynajmu\/#breadcrumb\",\"itemListElement\":[{\"@type\":\"ListItem\",\"position\":1,\"name\":\"Strona g\\u0142\\u00f3wna\",\"item\":\"https:\/\/jezioroimorze.pl\/jezioro\/\"},{\"@type\":\"ListItem\",\"position\":2,\"name\":\"Regulamin wynajmu\"}]}]}<\/script>\n<!-- \/ Yoast SEO plugin. -->","yoast_head_json":{"robots":{"index":"noindex","follow":"nofollow"},"og_locale":"pl_PL","og_type":"article","og_title":"Regulamin wynajmu - Jezioromorze - Jezioro Charzykowy","og_description":"Zobacz regulamin w PDF\u00a0 Regulamin u\u017cytkowania domku letniskowego \u201eDom na \u0141ab\u0119dziej\u201d 1. Go\u015bcie przebywaj\u0105cy w domu, proszeni s\u0105 o przestrzeganie zasad bezpiecznego i kulturalnego wypoczynku. Przez ca\u0142y okres pobytu obowi\u0105zuje zasada uszanowania dobros\u0105siedzkich stosunk\u00f3w. 2. Do korzystania z domu uprawnione s\u0105 osoby zameldowane, w kt\u00f3rym mo\u017ce zamieszkiwa\u0107 maksymalnie 6 os\u00f3b. 3. Wynajem domu w terminie...","og_url":"https:\/\/jezioroimorze.pl\/jezioro\/regulamin-wynajmu\/","og_site_name":"Jezioromorze - Jezioro Charzykowy","article_modified_time":"2024-02-03T17:01:18+00:00","twitter_card":"summary_large_image","twitter_misc":{"Szacowany czas czytania":"5 minut"},"schema":{"@context":"https:\/\/schema.org","@graph":[{"@type":"WebSite","@id":"https:\/\/jezioroimorze.pl\/jezioro\/#website","url":"https:\/\/jezioroimorze.pl\/jezioro\/","name":"Jezioromorze - Jezioro Charzykowy","description":"Dom na \u0141ab\u0119dziej Charzykowo","potentialAction":[{"@type":"SearchAction","target":{"@type":"EntryPoint","urlTemplate":"https:\/\/jezioroimorze.pl\/jezioro\/?s={search_term_string}"},"query-input":"required name=search_term_string"}],"inLanguage":"pl-PL"},{"@type":"WebPage","@id":"https:\/\/jezioroimorze.pl\/jezioro\/regulamin-wynajmu\/#webpage","url":"https:\/\/jezioroimorze.pl\/jezioro\/regulamin-wynajmu\/","name":"Regulamin wynajmu - Jezioromorze - Jezioro Charzykowy","isPartOf":{"@id":"https:\/\/jezioroimorze.pl\/jezioro\/#website"},"datePublished":"2018-04-04T19:57:52+00:00","dateModified":"2024-02-03T17:01:18+00:00","breadcrumb":{"@id":"https:\/\/jezioroimorze.pl\/jezioro\/regulamin-wynajmu\/#breadcrumb"},"inLanguage":"pl-PL","potentialAction":[{"@type":"ReadAction","target":["https:\/\/jezioroimorze.pl\/jezioro\/regulamin-wynajmu\/"]}]},{"@type":"BreadcrumbList","@id":"https:\/\/jezioroimorze.pl\/jezioro\/regulamin-wynajmu\/#breadcrumb","itemListElement":[{"@type":"ListItem","position":1,"name":"Strona g\u0142\u00f3wna","item":"https:\/\/jezioroimorze.pl\/jezioro\/"},{"@type":"ListItem","position":2,"name":"Regulamin wynajmu"}]}]}},"_links":{"self":[{"href":"https:\/\/jezioroimorze.pl\/jezioro\/wp-json\/wp\/v2\/pages\/50","targetHints":{"allow":["GET"]}}],"collection":[{"href":"https:\/\/jezioroimorze.pl\/jezioro\/wp-json\/wp\/v2\/pages"}],"about":[{"href":"https:\/\/jezioroimorze.pl\/jezioro\/wp-json\/wp\/v2\/types\/page"}],"author":[{"embeddable":true,"href":"https:\/\/jezioroimorze.pl\/jezioro\/wp-json\/wp\/v2\/users\/1"}],"replies":[{"embeddable":true,"href":"https:\/\/jezioroimorze.pl\/jezioro\/wp-json\/wp\/v2\/comments?post=50"}],"version-history":[{"count":4,"href":"https:\/\/jezioroimorze.pl\/jezioro\/wp-json\/wp\/v2\/pages\/50\/revisions"}],"predecessor-version":[{"id":216,"href":"https:\/\/jezioroimorze.pl\/jezioro\/wp-json\/wp\/v2\/pages\/50\/revisions\/216"}],"wp:attachment":[{"href":"https:\/\/jezioroimorze.pl\/jezioro\/wp-json\/wp\/v2\/media?parent=50"}],"curies":[{"name":"wp","href":"https:\/\/api.w.org\/{rel}","templated":true}]}}